10 - -25 - 48).
15
331 + -302 - (12 - 1)
18
What is (-20 - -14 - -15) + (0 - 7) + 17?
19
What is (-2 + 8 - -3) + (61 - 56)?
14
Evaluate (-15 - (4 + -15)) + 4 + -1.
-1
What is (-10 - -4) + -29 + (24 - -14)?
3
Calculate -21 + (-1 + 17 - (-54 - -64)).
-15
What is 32 + -43 + (42 - 28)?
3
3 - (1 - 0) - (30 + -8 - 16)
-4
25 + -43 - (-36 - -3)
15
Calculate 17 + (-5 - 12 - -15) + 9.
24
What is 8 - ((51 - 52) + -1 + 2 - -5)?
3
Calculate 4 + -61 + -6 + 24.
-39
What is the value of -8 + 3 - 1 - (-7 + 7 + -3)?
-3
What is the value of 2 + -22 - (38 + -49)?
-9
(2 - -22) + -182 + 133
-25
What is (-6 + -3 - -1 - -5) + -6 + 1?
-8
What is the value of 0 - (14 + -18 + 13)?
-9
12 + (4 - (-21 + 8 - -11))
18
Evaluate 14 - (-3 + -4 + 2 + 16).
3
What is the value of 4 - 8 - 6 - (10 + -1 + 2)?
-21
Calculate 0 + 8 + (1 - 6) + (-7 - -15).
11
What is the value of -3 + (-10 - 12) - (0 + -5 + -5)?
-15
What is 9 + -7 - -2 - (-1 + 9) - 6?
-10
What is the value of 15 - (-9 + 35) - (-3 - -8)?
-16
What is 3 + 3 + (-6 - (-10 - 3))?
13
What is the value of (19 + 7 - 13) + 12 + -2?
23
What is (39 + -27 - -25) + -29?
8
Calculate -11 - -15 - (4 - (-1 - 1)).
-2
(-1 - 19) + -13 + -20 + -26 + 58
-21
What is 3 + -4 + -2 + -8?
-11
Evaluate (-49 - -47) + 17 + 2 + -7.
10
-2 + 11 - (1 - (3 + -14 + 16))
13
What is the value of 50 + -18 + -25 + -1 + (0 - -2)?
8
What is the value of -10 + (-9 - -36 - 14) + (-33 - 1)?
-31
Evaluate (18 - -17) + -70 - -20.
-15
-16 + 3 + (-3 - -2) - (203 - 198)
-19
-3 - (-29 + 23) - (0 - (-1 + -1))
1
(30 - 18) + -28 + 33
17
Calculate 0 - 4 - (-43 + 26 - 8).
21
Evaluate -31 + 24 + (-10 - -20).
3
Evaluate (20 - 7 - 7) + -6 - (-6 + 1).
5
What is the value of 12 + -17 + 9 + -4?
0
(-2 + -10 + 18 - 14) + 32
24
What is the value of (-9 + -3 - -9) + (11 - 3)?
5
What is 9 - (11 - (30 - 15))?
13
Calculate 11 + ((14 - -1) + -22 - 8).
-4
Calculate -1 + (-6 - -22) - 34.
-19
Calculate -24 - -3 - (86 - 94).
-13
Evaluate (-2 - -1) + 9 + 61 + (70 - 134).
5
((-1 - 11) + -9 - -7) + 1
-13
0 + -27 + 32 + (-12 - 0)
-7
What is the value of (-19 - (8 + (-17 - 1))) + 12?
3
Calculate -74 - (19 + -47) - -11.
-35
Evaluate -4 - (-19 - (0 + 4)).
19
0 - 4 - (4 - 2) - -1 - 2
-7
-5 + 40 + (0 + 4 - 18)
21
Calculate 17 + -10 - 28 - -23.
2
Evaluate (-124 - -21) + 80 - (-2 - -1 - 0).
-22
Calculate 11 - (9 - 8) - (15 - 4).
-1
Evaluate (36 - (46 + -33)) + -50.
-27
Calculate -28 - -35 - (20 - (1 + 1 + -2)).
-13
Calculate (-18 - -24) + 6 + -8 - -10.
14
What is -285 + 242 + 2 + 41?
0
Evaluate 1 + -7 + 6 - (-1 + 2 + 2).
-3
What is (16 - 5) + 6 - (-6 + (3 - -2))?
18
2 + (-3 - -10) + (147 - 162)
-6
What is the value of 2 + -4 + (17 - (29 - 1))?
-13
What is the value of -3 - 1 - (-29 - -1)?
24
What is 21 + -36 + 23 - (-1 - 4)?
13
What is the value of -1 + 2 - -2 - (-25 + 13 + 16)?
-1
What is 18 + (-2 - 11 - 3)?
2
Evaluate -17 - -10 - -17 - 13.
-3
Calculate -17 + (-23 - -2 - -36).
-2
-2 - -9 - (10 + -33 + 19)
11
Evaluate -6 + (10 - 3) - 3.
-2
20 + -3 + -14 - -1
4
What is -20 + 13 - (-6 + 4)?
-5
Evaluate (1 - (-2 - -3)) + (-115 - -135).
20
What is (2 - -12) + -4 - (8 + (-12 - -5))?
9
What is (-7 - 2) + (-9 + 11 - 1)?
-8
What is 8 + (-9 - -14) + -9 + 6 - 7?
3
Calculate 28 - ((0 - 29) + 82).
-25
Calculate 5 - 12 - (6 + -3 + 1).
-11
What is the value of (-5 + 2 - 1) + -49 + 38?
-15
Evaluate (2 - 16) + 7 + 7 + -3.
-3
24 - (16 + 32 + -14)
-10
-15 + 18 + 15 + -43
-25
Calculate 2 - 0 - -3 - (5 + (-2 - 9)).
11
(3 - 8) + 14 + (-4 - 10)
-5
Evaluate 7 - (0 - (6 + -9 + -8)).
-4
What is the value of 199 + -208 + -1 + 16?
6
Calculate 21 - 28 - (2 + 1).
-10
Evaluate 9 - (19 + (-12 - -14)).
-12
Calculate (4 + -5 - -5) + 5 + -11.
-2
Evaluate (-84 - -111) + 1 + -24.
4
What is the value of -5 - (-13 - (12 - 17))?
3
What is 18 - ((18 - 7) + -2) - 8?
1
Calculate -5 + (-14 - (3 - 14)) + (38 - 5).
25
Calculate -22 - -79 - 85 - (0 + 6).
-34
What is -14 - -5 - -13 - 10?
-6
What is the value of -2 + 3 + -3 + (-463 - -476)?
11
1 - -8 - (1361 - 1338)
-14
What is the value of -1 - -18 - (145 + -133)?
5
What is -4 + 5 + 6 + -7?
0
10 + -18 + 10 + (2 - -2)
6
-78 + 15 + 17 + 38
-8
What is the value of 8 + -1 - (0 + 6 + 11)?
-10
What is (-3 - 1) + 52 + -37 + -3?
8
23 + -29 - 0 - 16
-22
Calculate (-21 - -9) + 6 - 3.
-9
What is (-3 - 2) + 3 + -8 + 4 - -24?
18
What is the value of (-9 - -4) + -2 - (-17 + -3)?
13
What is the value of 11 + 16 + -30 + 7?
4
What is 8 + -2 + -24 + 31?
13
What is 396 + -421 + 1 + 9 + -1?
-16
(-124 - -128) + (-2 - (1 + (0 - 0)))
1
0 + (26 - 34 - (-2 + -10))
4
10 + (-5 - (-1 - -17)) + -15
-26
Calculate 0 + 15 - (-63 + 84).
-6
Calculate (10 - (3 - 2)) + -5.
4
Evaluate 0 + -5 + 3 - (-19 + 7 + 34).
-24
Calculate -20 + 3 + 3 - -3 - (1 + -22).
10
What is the value of 12 - (-39 + 31 - -35)?
-15
Calculate 12 + -2 - (289 + -284).
5
(12 - (-7 + -2 + 12)) + -1 + -2
6
Evaluate (-6 - -14) + 10 + (1 - 7) - -1.
13
Calculate -2 - (-4 - (11 - (6 + 5))).
2
-2 + -7 + -3 - (-278 + 276)
-10
Evaluate 0 + (1 - (-13 - -19)) + 5.
0
What is the value of -25 + (-6 - -27) + -15 + 5?
-14
-26 - (9 - 45) - (-1 + 23)
-12
(6 - -1) + -12 + 8
3
-1 - (-8 + 19) - (-2 - -1)
-11
What is 112 + -131 + 1 + 13?
-5
Calculate 2 + 2 + -15 + (38 - 30).
-3
What is -12 + ((-16 - -13) + -3 - -9)?
-9
Calculate 13 + 0 + (0 + 2 - 6).
9
10 - (-9 - (-14 - (-1 + 7)))
-1
Evaluate 27 + -9 + -5 + (0 - -4) + 3.
20
Evaluate 8 + -23 + 35 - 36.
-16
What is (-88 - -97) + (0 + -1 - -12)?
20
What is -1 + -3 - (1526 + -1505)?
-25
What is 11 - 3 - (10 + 4)?
-6
0 + 1 + (-14 - (-20 + 17))
-10
Calculate 11 + 1 + -1 - 24.
-13
Evaluate (-339 - -332) + 0 + -6.
-13
What is the value of 3 + 4 + (1 + 5 - (6 - -5))?
2
What is (15 - (14 - 17)) + -13?
5
What is (3 - -14 - (-2 - -5)) + -3?
11
What is 9 + -16 + (13 + 6 - -3)?
15
What is (-5 - (8 - 11)) + (-4 - 6)?
-12
What is 5 + -8 - (-26 - -21 - (25 - 0))?
27
-39 + -5 + -29 + 64
-9
What is the value of (-15 - 6 - -2) + 8 + (33 - -1)?
23
What is -10 + 8 + -7 - (11 - -2)?
-22
1 - 8 - (-128 - -117)
4
(29 - 4 - 7) + -12
6
Evaluate (-4 - (-4 + 2)) + 28 + -24.
2
Calculate -5 - -1 - (2 + 1 + (-25 - -7)).
11
Calculate -1 + -3 + (5 - 1) + 8.
8
Evaluate 40 + 16 + (29 - 68).
17
Evaluate 0 - -14 - (8 + -1).
7
Evaluate -16 + 13 + 3 + (0 - 12) + -5.
-17
What is the value of 8 + 4 + 1 + (-9 - -16) + 9?
29
Calculate 18 - (-4 - (-8 - 5)) - (3 + -1).
7
What is the value of -13 - (-12 + 29 + -31)?
1
-66 - (-15 - 44) - (0 + 0 - 3)
-4
Calculate 13 + (74 - 68 - (0 - (0 - 5))).
14
Calculate 2 + 5 + 4 + -2 + -3 + -1.
5
Calculate 1 - 6 - (-20 + 14).
1
What is the value of 20 + -3 + (-17 - -13) - 42?
-29
Calculate 12 - -45 - 56 - (0 + -23 + 1).
23
Evaluate -28 + 7 + (5 - ((2 - 4) + 2)).
-16
Calculate -1 + -14 + 31 + -13.
3
What is the value of 7 - (-18 + 39) - -1?
-13
Calculate (12 - 3) + -7 + -15 - 4.
-17
Evaluate -49 + 44 - (-12 + 1).
6
-7 + 1 + 12 - (-4 - (5 - 2))
13
(2 - -1) + -19 - ((-8 - -18) + -6)
-20
Evaluate 25 + -10 + 19 - 0.
34
Calculate 3 - (-6 - (-11 - -15)).
13
What is the value of 7 + (-2 - 3 - (5 - 10)) + 9?
16
What is the value of -28 + 37 + (-4 - 17)?
-12
Evaluate 5 + 18 + -4 + -34.
-15
What is (2 - (27 - 50)) + -5?
20
What is the value of -5 + (3 - (-8 + 4)) - 3?
-1
Calculate -3 - (9 - (13 + -2 + -8)).
-9
What is -3 + (6 + 2 - (13 + -11 - 3))?
6
What is the value of 17 - ((7 + 16 - 7) + -3)?
4
What is (11 + (5 - 13) - 9) + 3?
-3
What is 58 - 43 - (5 + 0 - 4)?
14
Calculate 0 + 0 + (4 - (8 + -10)) + -6.
0
Calculate -2 + -4 - (17 - (3 + 11)).
-9
Evaluate -7 + 5 - 0 - 4 - (-6 - -8).
-8
What is -8 + 0 - (-5 + 1 + 3) - -26?
19
What is -11 - -4 - ((14 - 17) + (-7 - 14))?
17
Calculate 2 - -9 - (-12 + 23 + -11 - -4).
7
8 + -7 + (3 - 3) - (20 + -7)
-12
What is (-8 - -6) + 9 - 0?
7
What is the value of 0 - (-14 + 19 + -14)?
9
What is the value of 749 + -711 - (-2 + 29)?
11
Calculate -127 + 132 + (-5 - (1 + 1)).
-2
What is -44 - 2 - -13 - -11?
-22
-17 - (-9 - ((-4 - 20) + 11))
-21
Calculate -85 + 75 + (0 - -18).
8
5 + 5 + 7 + 2 + -10 + 14
23
-26 - (-1 - 1 - (29 + (-63 - -38)))
-20
(27 - 14) + (6 - 2) + -10
7
24 + -14 + -19 - -14
5
Calculate -7 - ((-9 - 3) + 7) - (-2 - -5).
-5
What is the value of -18 - -12 - (6 + -13 + 2)?
-1
Calculate -5 - (6 - (-11 - -15)).
-7
Evaluate -1 - 8 - (-102 - -84).
9
What is 12 + (0 - ((-6 - (-1 - 1)) + -6))?
22
What is -15 - (-43 - -